 34. What is n(-10)?
4
Let y(o) = 2*o**2 - 38*o + 18. Give y(17).
-50
Let i(g) = g**2 - g - 17. Give i(4).
-5
Let p(w) = w**3 - 16*w**2 - 41*w + 27. Calculate p(18).
-63
Let t(j) = 2*j**3 - 9*j**2 + 3*j + 3. Give t(4).
-1
Let n(g) = g**2 + 7*g - 33. Give n(-10).
-3
Let k(q) = 101*q**3 - q. Calculate k(-1).
-100
Let m(d) = d**3 - d**2 - 24*d - 6. Give m(6).
30
Let h(x) = 4*x**2 + 17*x + 30. Give h(-2).
12
Let t(w) = w - 44. Give t(26).
-18
Let h(d) = -d**2 - 6*d + 22. What is h(-11)?
-33
Let o(x) = 7*x + 40. Give o(-9).
-23
Let m(w) = 5*w + 4. Calculate m(-3).
-11
Let x(r) = 2*r**2 + 20*r + 4. Determine x(-10).
4
Let d(x) = x**3 - 4*x**2 - x + 1. Determine d(4).
-3
Let o(u) = u**3 - 5*u**2 - 7*u + 4. What is o(6)?
-2
Let c(s) = s**3 - 8*s**2 + 18*s - 40. Determine c(6).
-4
Let g(d) = -d - 7. What is g(-4)?
-3
Let o(w) = w**2 + 6*w + 5. Give o(-5).
0
Let i(m) = -5*m + 2. Calculate i(6).
-28
Let q(i) = -14*i - 14. Calculate q(-2).
14
Let u(c) = -3*c**2 + 7*c - 6. Give u(4).
-26
Let r(f) = 9*f**2 + 84*f - 54. What is r(-10)?
6
Let m(z) = -3*z**2 + 9*z - 10. What is m(1)?
-4
Let m(r) = -r**2 + 23*r - 41. Give m(21).
1
Let l(d) = 20*d - 79. What is l(5)?
21
Let v(c) = -4*c - 17. Give v(-7).
11
Let m(p) = -4*p + 4. Calculate m(2).
-4
Let h(l) = -l**3 + 3*l**2 - 4*l + 4. Give h(2).
0
Let f(j) = 2*j + 21. Give f(-6).
9
Let k(j) = 76*j + 72. Calculate k(-1).
-4
Let h(v) = 6*v + 24. Give h(-6).
-12
Let j(f) = 13*f + 133. Give j(-7).
42
Let u(n) = -n**2 + 16*n + 10. Calculate u(17).
-7
Let n(y) = -y**3 + 23*y**2 - 21*y - 9. Determine n(22).
13
Let y(n) = 52*n - 219. Give y(5).
41
Let r(j) = -j**3 - 7*j**2 - 15*j - 89. What is r(-7)?
16
Let j(c) = -9*c - 5. Give j(-6).
49
Let j(y) = 7*y + 31. What is j(-4)?
3
Let o(g) = g**2 - g - 24. Give o(-6).
18
Let t(q) = 37*q. Give t(-1).
-37
Let h(l) = l**2 - 3. What is h(3)?
6
Let j(g) = -2*g - 96. Give j(16).
-128
Let j(c) = 4*c - 3. What is j(2)?
5
Let c(x) = -2*x**3 - 85*x**2 + 45*x + 89. Determine c(-43).
3
Let j(k) = 3*k**2. Give j(3).
27
Let w(u) = 10*u - 114. What is w(12)?
6
Let b(x) = -x**3 + 3*x**2 + 4*x + 6. Determine b(4).
6
Let n(j) = 9*j - 7. What is n(-2)?
-25
Let n(f) = -f**2 + 8*f - 5. Determine n(6).
7
Let b(v) = -v**3 - 7*v**2 - 6*v - 6. Calculate b(-6).
-6
Let k(f) = f + 20. What is k(-11)?
9
Let v(q) = q**3 + 3*q**2 + 4*q + 12. Give v(-5).
-58
Let p(v) = 10*v - 19. Determine p(0).
-19
Let c(y) = -4*y - 15. What is c(-3)?
-3
Let y(g) = -6*g + 10. Determine y(4).
-14
Let g(m) = m**3 - 7*m**2 + 7*m - 3. Determine g(6).
3
Let s(i) = -i**2 - 5*i + 2. Calculate s(-5).
2
Let d(y) = -2*y**3 + 51*y**2 + 27*y - 27. What is d(26)?
-1
Let s(v) = v**2 - 13*v + 47. Determine s(4).
11
Let f(a) = -a**2 + 11*a + 2. Determine f(13).
-24
Let u(k) = -k - 2. Give u(-2).
0
Let j(t) = -t**2 - 4*t - 19. What is j(0)?
-19
Let l(p) = -p**2 + 59*p + 247. Calculate l(-4).
-5
Let o(g) = 2*g**2 - 3*g - 2. What is o(-1)?
3
Let m(y) = y**2 - 15*y. What is m(13)?
-26
Let g(o) = -o**3 - 8*o**2 + 10*o - 18. What is g(-9)?
-27
Let a(m) = m**2 - 21*m - 9. Calculate a(21).
-9
Let g(y) = -y**2 + 8*y + 33. What is g(-8)?
-95
Let p(y) = -3*y**2 - 23*y - 10. What is p(-7)?
4
Let r(u) = -4*u**2 - 3*u + 4. Give r(-3).
-23
Let g(w) = w**2 - 2*w + 1. Determine g(-2).
9
Let n(d) = 37*d - 2. Give n(-1).
-39
Let v(c) = 7*c - 2. What is v(6)?
40
Let g(s) = -10*s + 604. Determine g(60).
4
Let b(u) = u**2 - 4*u + 5. What is b(3)?
2
Let h(o) = -o**3 + 2*o**2 + 12*o. Give h(5).
-15
Let j(u) = 42*u + 461. Determine j(-11).
-1
Let o(n) = -3*n**2 + 13*n + 9. Give o(6).
-21
Let o(y) = -2*y**3 + 36*y**2 - 10. Determine o(18).
-10
Let u(n) = -n + 17. Calculate u(0).
17
Let i(n) = n**2 + 8*n - 23. Calculate i(-10).
-3
Let q(b) = 9*b**2 - b. What is q(-3)?
84
Let p(f) = 3*f + 18. What is p(-11)?
-15
Let l(z) = z**2 - 7*z + 7. Give l(1).
1
Let p(l) = -4*l - 63. What is p(-14)?
-7
Let r(i) = -3*i - 53. Give r(-20).
7
Let a(n) = 2*n**3 - 18*n**2 + 4. Determine a(9).
4
Let m(o) = -7*o - 29. What is m(-10)?
41
Let p(h) = 2*h**2 - 20*h - 5. Calculate p(7).
-47
Let w(o) = -14*o - 125. Give w(-10).
15
Let w(i) = 9*i - 10. Give w(6).
44
Let p(o) = 2*o**3 - o**2 + 7*o - 11. Calculate p(2).
15
Let q(v) = v**3 - 19*v**2 - 21*v - 5. Calculate q(20).
-25
Let g(t) = 2*t**3 - 7*t**2 - 7*t - 1. Give g(4).
-13
Let k(t) = -t**3 - 11*t**2 - 19*t - 5. Give k(-9).
4
Let w(p) = p**3 - 4*p**2 - 3*p + 9. Calculate w(4).
-3
Let f(s) = -s - 2. Give f(5).
-7
Let q(o) = -5*o**3 + o + 1. Calculate q(-1).
5
Let u(j) = -j**3 - 5*j**2 - 8*j - 15. Calculate u(-4).
1
Let c(s) = -3*s - 27. Give c(0).
-27
Let j(l) = l**3 - 53*l**2 + 101*l + 57. Calculate j(51).
6
Let i(k) = 2*k**2 - 10*k + 7. Give i(2).
-5
Let m(w) = 3*w**3 + 2*w**2 + 1. Give m(-2).
-15
Let v(s) = -2*s + 2. What is v(6)?
-10
Let p(m) = -m**2 - 20*m - 27. Determine p(-15).
48
Let j(o) = -o**3 - 6*o**2 - 13*o - 15. Calculate j(-5).
25
Let s(o) = o**3 + 5*o**2 + 5*o - 5. Determine s(-5).
-30
Let x(i) = -2*i**2 + 18*i - 20. What is x(8)?
-4
Let w(b) = -b**3 + 2*b**2 + b + 1. Give w(2).
3
Let i(x) = 33*x - 51. What is i(5)?
114
Let m(n) = -5*n**2 - 7*n - 3. Give m(-5).
-93
Let j(p) = -3*p**2 + 31*p - 2. What is j(10)?
8
Let b(v) = -v**2 + 3*v + 4. Calculate b(3).
4
Let t(a) = a - 12. Determine t(-9).
-21
Let l(v) = -v**2 - 35*v - 265. Calculate l(-23).
11
Let c(t) = 5*t + 3. What is c(4)?
23
Let q(g) = g + 19. Calculate q(-12).
7
Let u(s) = s**3 + 4*s**2 + 3*s + 1. Determine u(-4).
-11
Let i(u) = 12*u**3 + u + 1. Calculate i(-1).
-12
Let r(t) = 6*t + 9. Give r(-1).
3
Let a(u) = 7*u - 27. Calculate a(3).
-6
Let b(v) = 11*v**2 - 32*v - 32. Give b(-1).
11
Let b(t) = -t + 12. Determine b(14).
-2
Let u(m) = -3*m - 12. Give u(-7).
9
Let a(k) = -5*k**2 - 11*k. What is a(-1)?
6
Let s(h) = h**3 + 10*h**2 - 12*h + 2. Calculate s(-11).
13
Let m(r) = -r - 5. What is m(12)?
-17
Let q(y) = y**3 - 3*y**2 - 5*y - 43. Calculate q(5).
-18
Let b(x) = -3*x + 4. Calculate b(-7).
25
Let j(f) = -50*f**2 + 2*f - 2. What is j(1)?
-50
Let a(u) = 3*u + 3. Determine a(2).
9
Let n(c) = c**3 - 6*c**2 - 18. Calculate n(6).
-18
Let i(x) = 4*x + 31. What is i(2)?
39
Let c(i) = -i + 7. Give c(-6).
13
Let r(j) = -3*j**3 - 19*j**2 + 8*j + 25. Give r(-7).
67
Let s(h) = h**3 + 18*h**2 + 31*h. Determine s(-16).
16
Let y(b) = 4*b**3 + b**2 + 2*b + 1. Give y(-1).
-4
Let u(c) = c**3 + 7*c**2 - c - 6. Calculate u(-7).
1
Let b(t) = -43*t**3 + 1. Give b(-1).
44
Let r(s) = -4*s + 10. Determine r(0).
10
Let u(c) = -4*c + 72. Calculate u(14).
16
Let r(z) = -5*z**2 - 1. What is r(-1)?
-6
Let j(a) = a - 195. What is j(0)?
-195
Let h(d) = 36*d - 423. Give h(12).
9
Let g(n) = n**3 + 5*n**2 - 4*n. Determine g(-6).
-12
Let s(i) = -6*i - 8. Give s(-9).
46
Let c(m) = 11*m + 4. Determine c(1).
15
Let p(k) = -k**3 + 5*k**2 + 4*k + 6. Determine p(5).
26
Let w(a) = -9*a + 39. What is w(5)?
-6
Let a(u) = -10*u + 4. What is a(-1)?
14
Let l(v) = 4*v + 6. Determine l(-3).
-6
Let f(p) = p**2 + 3*p. Calculate f(-4).
4
Let p(s) = -4*s - 35. Give p(-12).
13
Let j(l) = -l**3 - 3*l**2 - 2*l - 9. What is j(-4)?
15
Let h(m) = 11*m + 48. Determine h(-5).
-7
Let p(f) = -f**2 + 17*f + 33. Determine p(18).
15
Let n(s) = 14*s + 120. Give n(-9).
-6
Let v(g) = g**3 - 23*g**2 + 18*g + 85. Determine v(22).
-3
Let u(j) = -j**2 - 28*j - 83. Determine u(-25).
-8
Let m(h) = h**3 - 3*h**2 - h - 7. Calculate m(4).
5
Let a(o) = o. What is a(-7)?
-7
Let m(c) = -c**2 - 2*c - 14. What is m(0)?
-14
Let s(k) = k**3 - 2*k**2 - 8*k + 3. Calculate s(4).
3
Let m(q) = q**2 - 14*q. Determine m(15).
15
Let b(s) = -43*s - 208. Calculate b(-5).
7
Let k(y) = y**2 - 3*y - 4. Give k(6).
14
Let l(f) = 4*f + 5. What is l(-4)?
-11
Let t(w) = -w**3 - 6*w**2 - 3*w - 5. Determine t(-6).
13
Let o(a) = 44*a - 6. Determine o(-1).
-50
Let p(r) = r**3 + 3*r**2 + r + 10. Determine p(-3).
7
Let x(n) = -n**2 + 10*n - 10. Calculate x(9).
-1
Let b(r) = -4*r + 21. Calculate b(6).
-3
Let p(h) = h**3 + 8*h**2 - 3*h + 9. Determine p(-6).
99
Let h(q) = -2*q**3 - 3*q**2 - 6*q - 6. Calculate h(-2).
10
Let u(n) = -3*n**3 + 6*n - 6. What is u(3)?
-69
Let a(d) = -6*d - 42. Give a(-12).
30
Let q(p) = p**3 + 15*p**2 + 14*p + 4. Give q(-14).
4
Let z(y) = 3*y. What is z(-1)?
-3
Let u(c) = -c**3 - 5*c**2 + c + 5. What is u(-4)?
-15
Let x(l) = l**3 - 5*l**2 -